{"id":132,"date":"2025-02-23T23:12:22","date_gmt":"2025-02-23T22:12:22","guid":{"rendered":"https:\/\/thierrygarance.fr\/?page_id=132"},"modified":"2025-03-06T23:01:02","modified_gmt":"2025-03-06T22:01:02","slug":"realisateur-de-film-danimation","status":"publish","type":"page","link":"https:\/\/thierrygarance.fr\/index.php\/realisateur-de-film-danimation\/","title":{"rendered":"R\u00e9alisateur de film d&rsquo;animation"},"content":{"rendered":"<p><\/p><p class=\"has-text-align-center\">R\u00e9alisateur. Du dessin de presse anim\u00e9 &#8211; <em>Charb<\/em> ou <em>Tignous<\/em> de <em>Charlie Hebdo<\/em> &#8211; au film pour enfant.<\/p><p class=\"has-text-align-center\" style=\"padding-right:var(--wp--preset--spacing--70);padding-left:var(--wp--preset--spacing--70)\">Du storyboard \u00e0 la gestion de l&rsquo;\u00e9quipe d\u2019animateurs, en passant par la cr\u00e9ation des personnages (Charadesign), des d\u00e9cors, pr\u00e9paration \u00e0 l&rsquo;animation 2D ou 3D. <\/p><hr class=\"wp-block-separator has-alpha-channel-opacity\"\/><h4 class=\"wp-block-heading\">Pandas dans la Brume \/ D&rsquo;apr\u00e8s Tignous<\/h4><details class=\"wp-block-details is-layout-flow wp-block-details-is-layout-flow\"><summary>75 \u00e9pisodes de 2 minutes, 3 saisons. Co-r\u00e9alis\u00e9 avec Juan Rodriguez<\/summary><p>Histo des pandas<\/p><\/details><figure class=\"wp-block-embed is-type-video is-provider-youtube wp-block-embed-youtube wp-embed-aspect-16-9 wp-has-aspect-ratio\" style=\"margin-top:var(--wp--preset--spacing--30);margin-bottom:var(--wp--preset--spacing--30)\"><div class=\"wp-block-embed__wrapper\">\n <div class=\"ast-oembed-container \" style=\"height: 100%;\"><iframe loading=\"lazy\" title=\"Les pandas de Tignous Saison 3\" width=\"500\" height=\"281\" src=\"https:\/\/www.youtube.com\/embed\/kIuknqWm-Z0?feature=oembed\" frameborder=\"0\" allow=\"accelerometer; autoplay; clipboard-write; encrypted-media; gyroscope; picture-in-picture; web-share\" referrerpolicy=\"strict-origin-when-cross-origin\" allowfullscreen><\/iframe><\/div>\n<\/div><\/figure><p class=\"has-text-align-center\">Retrouvez le making-of de cette incroyable aventure ; <\/p><div class=\"wp-block-columns alignwide is-layout-flex wp-container-core-columns-is-layout-ec2e7a44 wp-block-columns-is-layout-flex\" style=\"padding-top:0;padding-bottom:0\"><div class=\"wp-block-column is-vertically-aligned-top is-layout-flow wp-block-column-is-layout-flow\"><figure class=\"wp-block-embed is-type-video is-provider-youtube wp-block-embed-youtube wp-embed-aspect-16-9 wp-has-aspect-ratio\"><div class=\"wp-block-embed__wrapper\">\n<div class=\"ast-oembed-container \" style=\"height: 100%;\"><iframe loading=\"lazy\" title=\"Pandas Saison1 Makingof Part01\" width=\"500\" height=\"281\" src=\"https:\/\/www.youtube.com\/embed\/4fungXhiDp8?feature=oembed\" frameborder=\"0\" allow=\"accelerometer; autoplay; clipboard-write; encrypted-media; gyroscope; picture-in-picture; web-share\" referrerpolicy=\"strict-origin-when-cross-origin\" allowfullscreen><\/iframe><\/div>\n<\/div><\/figure><\/div>\n\n<div class=\"wp-block-column is-vertically-aligned-top is-layout-flow wp-block-column-is-layout-flow\"><figure class=\"wp-block-embed is-type-video is-provider-youtube wp-block-embed-youtube wp-embed-aspect-16-9 wp-has-aspect-ratio\"><div class=\"wp-block-embed__wrapper\">\n<div class=\"ast-oembed-container \" style=\"height: 100%;\"><iframe loading=\"lazy\" title=\"Pandas Saison1 Makingof Part02\" width=\"500\" height=\"281\" src=\"https:\/\/www.youtube.com\/embed\/jU1oIAGlgN4?feature=oembed\" frameborder=\"0\" allow=\"accelerometer; autoplay; clipboard-write; encrypted-media; gyroscope; picture-in-picture; web-share\" referrerpolicy=\"strict-origin-when-cross-origin\" allowfullscreen><\/iframe><\/div>\n<\/div><\/figure><\/div>\n\n<div class=\"wp-block-column is-vertically-aligned-top is-layout-flow wp-block-column-is-layout-flow\"><figure class=\"wp-block-embed is-type-video is-provider-youtube wp-block-embed-youtube wp-embed-aspect-16-9 wp-has-aspect-ratio\"><div class=\"wp-block-embed__wrapper\">\n<div class=\"ast-oembed-container \" style=\"height: 100%;\"><iframe loading=\"lazy\" title=\"Pandas Saison1 Makingof Part03\" width=\"500\" height=\"281\" src=\"https:\/\/www.youtube.com\/embed\/HLEIf_lbqXA?feature=oembed\" frameborder=\"0\" allow=\"accelerometer; autoplay; clipboard-write; encrypted-media; gyroscope; picture-in-picture; web-share\" referrerpolicy=\"strict-origin-when-cross-origin\" allowfullscreen><\/iframe><\/div>\n<\/div><\/figure><\/div><\/div><hr class=\"wp-block-separator has-alpha-channel-opacity\"\/><h4 class=\"wp-block-heading\">Solutions cach\u00e9es \/ Camille Besse et \u00c9ric La Blanche<\/h4><details class=\"wp-block-details is-layout-flow wp-block-details-is-layout-flow\"><summary>26 \u00e9pisodes de 2 minutes 30&prime;, saison 2.<\/summary><p>Histo <\/p><\/details><figure class=\"wp-block-embed is-type-video is-provider-youtube wp-block-embed-youtube wp-embed-aspect-16-9 wp-has-aspect-ratio\" style=\"margin-top:var(--wp--preset--spacing--30);margin-bottom:var(--wp--preset--spacing--30)\"><div class=\"wp-block-embed__wrapper\">\n<div class=\"ast-oembed-container \" style=\"height: 100%;\"><iframe loading=\"lazy\" title=\"Solutions Cach\u00e9es - \u00c9PISODE OFFERT &quot;La lutte contre le gaspillage alimentaire&quot;\" width=\"500\" height=\"281\" src=\"https:\/\/www.youtube.com\/embed\/m3D34cqW6Qc?feature=oembed\" frameborder=\"0\" allow=\"accelerometer; autoplay; clipboard-write; encrypted-media; gyroscope; picture-in-picture; web-share\" referrerpolicy=\"strict-origin-when-cross-origin\" allowfullscreen><\/iframe><\/div>\n<\/div><\/figure><hr class=\"wp-block-separator has-alpha-channel-opacity\"\/><h4 class=\"wp-block-heading\">Maurice et Patapon \/ Charb<\/h4><details class=\"wp-block-details is-layout-flow wp-block-details-is-layout-flow\"><summary>Adaptation des strip de Charb dans Charlie Hebdo, co-r\u00e9alis\u00e9 avec Juan Rodriguez <\/summary><p>Histo <\/p><\/details><figure class=\"wp-block-embed is-provider-youtube wp-block-embed-youtube\"><\/figure><hr class=\"wp-block-separator has-alpha-channel-opacity\"\/><h4 class=\"wp-block-heading\">Mafia de Cuba \/ Teaser du jeu <\/h4><details class=\"wp-block-details is-layout-flow wp-block-details-is-layout-flow\"><summary>Jeu de Philippe des Palli\u00e8res et <\/summary><p>Histo <\/p><\/details><figure class=\"wp-block-embed is-type-video is-provider-youtube wp-block-embed-youtube wp-embed-aspect-16-9 wp-has-aspect-ratio\" style=\"margin-top:var(--wp--preset--spacing--30);margin-bottom:var(--wp--preset--spacing--30)\"><div class=\"wp-block-embed__wrapper\">\n<div class=\"ast-oembed-container \" style=\"height: 100%;\"><iframe loading=\"lazy\" title=\"Mafia de Cuba\" width=\"500\" height=\"281\" src=\"https:\/\/www.youtube.com\/embed\/IPnL7HDAppY?feature=oembed\" frameborder=\"0\" allow=\"accelerometer; autoplay; clipboard-write; encrypted-media; gyroscope; picture-in-picture; web-share\" referrerpolicy=\"strict-origin-when-cross-origin\" allowfullscreen><\/iframe><\/div>\n<\/div><\/figure>","protected":false},"excerpt":{"rendered":"<p>R\u00e9alisateur. Du dessin de presse anim\u00e9 &#8211; Charb ou Tignous de Charlie Hebdo &#8211; au film pour enfant. Du storyboard [&hellip;]<\/p>\n","protected":false},"author":1,"featured_media":0,"parent":0,"menu_order":0,"comment_status":"closed","ping_status":"closed","template":"","meta":{"site-sidebar-layout":"default","site-content-layout":"","ast-site-content-layout":"","site-content-style":"default","site-sidebar-style":"default","ast-global-header-display":"","ast-banner-title-visibility":"","ast-main-header-display":"","ast-hfb-above-header-display":"","ast-hfb-below-header-display":"","ast-hfb-mobile-header-display":"","site-post-title":"disabled","ast-breadcrumbs-content":"","ast-featured-img":"","footer-sml-layout":"","theme-transparent-header-meta":"","adv-header-id-meta":"","stick-header-meta":"","header-above-stick-meta":"","header-main-stick-meta":"","header-below-stick-meta":"","astra-migrate-meta-layouts":"default","ast-page-background-enabled":"default","ast-page-background-meta":{"desktop":{"background-color":"var(--ast-global-color-4)","background-image":"","background-repeat":"repeat","background-position":"center center","background-size":"auto","background-attachment":"scroll","background-type":"","background-media":"","overlay-type":"","overlay-color":"","overlay-gradient":""},"tablet":{"background-color":"","background-image":"","background-repeat":"repeat","background-position":"center center","background-size":"auto","background-attachment":"scroll","background-type":"","background-media":"","overlay-type":"","overlay-color":"","overlay-gradient":""},"mobile":{"background-color":"","background-image":"","background-repeat":"repeat","background-position":"center center","background-size":"auto","background-attachment":"scroll","background-type":"","background-media":"","overlay-type":"","overlay-color":"","overlay-gradient":""}},"ast-content-background-meta":{"desktop":{"background-color":"var(--ast-global-color-5)","background-image":"","background-repeat":"repeat","background-position":"center center","background-size":"auto","background-attachment":"scroll","background-type":"","background-media":"","overlay-type":"","overlay-color":"","overlay-gradient":""},"tablet":{"background-color":"var(--ast-global-color-5)","background-image":"","background-repeat":"repeat","background-position":"center center","background-size":"auto","background-attachment":"scroll","background-type":"","background-media":"","overlay-type":"","overlay-color":"","overlay-gradient":""},"mobile":{"background-color":"var(--ast-global-color-5)","background-image":"","background-repeat":"repeat","background-position":"center center","background-size":"auto","background-attachment":"scroll","background-type":"","background-media":"","overlay-type":"","overlay-color":"","overlay-gradient":""}},"footnotes":""},"class_list":["post-132","page","type-page","status-publish","hentry"],"jetpack_sharing_enabled":true,"_links":{"self":[{"href":"https:\/\/thierrygarance.fr\/index.php\/wp-json\/wp\/v2\/pages\/132","targetHints":{"allow":["GET"]}}],"collection":[{"href":"https:\/\/thierrygarance.fr\/index.php\/wp-json\/wp\/v2\/pages"}],"about":[{"href":"https:\/\/thierrygarance.fr\/index.php\/wp-json\/wp\/v2\/types\/page"}],"author":[{"embeddable":true,"href":"https:\/\/thierrygarance.fr\/index.php\/wp-json\/wp\/v2\/users\/1"}],"replies":[{"embeddable":true,"href":"https:\/\/thierrygarance.fr\/index.php\/wp-json\/wp\/v2\/comments?post=132"}],"version-history":[{"count":15,"href":"https:\/\/thierrygarance.fr\/index.php\/wp-json\/wp\/v2\/pages\/132\/revisions"}],"predecessor-version":[{"id":212,"href":"https:\/\/thierrygarance.fr\/index.php\/wp-json\/wp\/v2\/pages\/132\/revisions\/212"}],"wp:attachment":[{"href":"https:\/\/thierrygarance.fr\/index.php\/wp-json\/wp\/v2\/media?parent=132"}],"curies":[{"name":"wp","href":"https:\/\/api.w.org\/{rel}","templated":true}]}}