{"id":2,"date":"2024-01-16T12:18:35","date_gmt":"2024-01-16T11:18:35","guid":{"rendered":"http:\/\/thierrygarance.fr\/?page_id=2"},"modified":"2025-03-06T22:59:32","modified_gmt":"2025-03-06T21:59:32","slug":"artiste","status":"publish","type":"page","link":"https:\/\/thierrygarance.fr\/index.php\/artiste\/","title":{"rendered":"Peintures &amp; Sculptures"},"content":{"rendered":"<p><\/p><p class=\"has-text-align-center\">Thierry Garance est un plasticien prot\u00e9iforme avec, en autre penchant, une nette affinit\u00e9 pour l&rsquo;iconographie de l&rsquo;\u00e9rotisme<\/p><div class=\"wp-block-buttons is-content-justification-center is-layout-flex wp-container-core-buttons-is-layout-a89b3969 wp-block-buttons-is-layout-flex\"><div class=\"wp-block-button has-custom-font-size is-style-outline has-small-font-size is-style-outline--1\"><a class=\"wp-block-button__link has-vivid-red-color has-text-color has-link-color wp-element-button\" href=\"http:\/\/sdzd\" style=\"border-width:1px;border-radius:1px;padding-right:var(--wp--preset--spacing--40);padding-left:var(--wp--preset--spacing--40)\">PEINTURE<\/a><\/div>\n\n<div class=\"wp-block-button has-custom-font-size is-style-outline has-small-font-size is-style-outline--2\"><a class=\"wp-block-button__link has-vivid-red-color has-text-color has-link-color wp-element-button\" style=\"border-width:1px;border-radius:1px;padding-right:var(--wp--preset--spacing--40);padding-left:var(--wp--preset--spacing--40)\">AQUARELLES<\/a><\/div>\n\n<div class=\"wp-block-button has-custom-font-size is-style-outline has-small-font-size is-style-outline--3\"><a class=\"wp-block-button__link has-vivid-red-color has-text-color has-link-color wp-element-button\" style=\"border-width:1px;border-radius:1px;padding-right:var(--wp--preset--spacing--40);padding-left:var(--wp--preset--spacing--40)\">SCULPTURE<\/a><\/div>\n\n<div class=\"wp-block-button has-custom-font-size is-style-outline has-small-font-size is-style-outline--4\"><a class=\"wp-block-button__link has-vivid-red-color has-text-color has-link-color wp-element-button\" style=\"border-width:1px;border-radius:1px;padding-right:var(--wp--preset--spacing--40);padding-left:var(--wp--preset--spacing--40)\">EXPOSITIONS<\/a><\/div><\/div><hr class=\"wp-block-separator has-alpha-channel-opacity\"\/><p class=\"has-text-align-center\"><\/p><div class=\"wp-block-columns is-layout-flex wp-container-core-columns-is-layout-154ee73a wp-block-columns-is-layout-flex\" style=\"padding-top:var(--wp--preset--spacing--20);padding-right:var(--wp--preset--spacing--60);padding-bottom:var(--wp--preset--spacing--20);padding-left:var(--wp--preset--spacing--60)\"><div class=\"wp-block-column is-layout-flow wp-block-column-is-layout-flow\"><figure class=\"wp-block-image size-large\"><img loading=\"lazy\" decoding=\"async\" width=\"1024\" height=\"492\" src=\"https:\/\/thierrygarance.fr\/wp-content\/uploads\/2025\/02\/DSC_7906-1-1024x492.jpg\" alt=\"\" class=\"wp-image-172\" srcset=\"https:\/\/thierrygarance.fr\/wp-content\/uploads\/2025\/02\/DSC_7906-1-1024x492.jpg 1024w, https:\/\/thierrygarance.fr\/wp-content\/uploads\/2025\/02\/DSC_7906-1-300x144.jpg 300w, https:\/\/thierrygarance.fr\/wp-content\/uploads\/2025\/02\/DSC_7906-1-768x369.jpg 768w, https:\/\/thierrygarance.fr\/wp-content\/uploads\/2025\/02\/DSC_7906-1-1536x738.jpg 1536w, https:\/\/thierrygarance.fr\/wp-content\/uploads\/2025\/02\/DSC_7906-1-2048x984.jpg 2048w, https:\/\/thierrygarance.fr\/wp-content\/uploads\/2025\/02\/DSC_7906-1-600x288.jpg 600w\" sizes=\"auto, (max-width: 1024px) 100vw, 1024px\" \/><\/figure>\n\n<p style=\"font-size:14px\"><strong>Bip Bip<\/strong><br>Monotype sur papier aquarelle 300 g<\/p>\n\n<figure class=\"wp-block-image size-full\"><img loading=\"lazy\" decoding=\"async\" width=\"789\" height=\"1024\" src=\"http:\/\/thierrygarance.fr\/wp-content\/uploads\/2024\/09\/buste_bronze-web-789x1024-1.jpg\" alt=\"\" class=\"wp-image-65\" srcset=\"https:\/\/thierrygarance.fr\/wp-content\/uploads\/2024\/09\/buste_bronze-web-789x1024-1.jpg 789w, https:\/\/thierrygarance.fr\/wp-content\/uploads\/2024\/09\/buste_bronze-web-789x1024-1-600x779.jpg 600w, https:\/\/thierrygarance.fr\/wp-content\/uploads\/2024\/09\/buste_bronze-web-789x1024-1-231x300.jpg 231w, https:\/\/thierrygarance.fr\/wp-content\/uploads\/2024\/09\/buste_bronze-web-789x1024-1-768x997.jpg 768w\" sizes=\"auto, (max-width: 789px) 100vw, 789px\" \/><\/figure>\n\n<p style=\"font-size:14px\"><strong>Le piercing<\/strong><br>Bronze et ampoule led<\/p>\n\n<div class=\"wp-block-columns is-layout-flex wp-container-core-columns-is-layout-28f84493 wp-block-columns-is-layout-flex\"><div class=\"wp-block-column is-layout-flow wp-block-column-is-layout-flow\"><\/div><\/div>\n\n<figure class=\"wp-block-image size-large\"><img loading=\"lazy\" decoding=\"async\" width=\"771\" height=\"1024\" src=\"https:\/\/thierrygarance.fr\/wp-content\/uploads\/2025\/02\/DSC_7891-771x1024.jpg\" alt=\"\" class=\"wp-image-181\" srcset=\"https:\/\/thierrygarance.fr\/wp-content\/uploads\/2025\/02\/DSC_7891-771x1024.jpg 771w, https:\/\/thierrygarance.fr\/wp-content\/uploads\/2025\/02\/DSC_7891-226x300.jpg 226w, https:\/\/thierrygarance.fr\/wp-content\/uploads\/2025\/02\/DSC_7891-768x1020.jpg 768w, https:\/\/thierrygarance.fr\/wp-content\/uploads\/2025\/02\/DSC_7891-1156x1536.jpg 1156w, https:\/\/thierrygarance.fr\/wp-content\/uploads\/2025\/02\/DSC_7891-600x797.jpg 600w, https:\/\/thierrygarance.fr\/wp-content\/uploads\/2025\/02\/DSC_7891.jpg 1461w\" sizes=\"auto, (max-width: 771px) 100vw, 771px\" \/><\/figure>\n\n<p class=\"has-small-font-size\"><strong>Le Selfie<\/strong><br>Reproduction num\u00e9rique d&rsquo;aquarelles, sign\u00e9e num\u00e9rot\u00e9e. En vente ici<\/p><\/div>\n\n<div class=\"wp-block-column is-layout-flow wp-block-column-is-layout-flow\"><div style=\"height:65px\" aria-hidden=\"true\" class=\"wp-block-spacer\"><\/div>\n\n<p style=\"font-size:14px\"><strong>Fleurs de cerisier<\/strong><br>Ogawa Kazumasa<\/p>\n\n<figure class=\"wp-block-image size-full\"><img decoding=\"async\" src=\"http:\/\/thierrygarance.fr\/wp-content\/uploads\/2025\/02\/DSC_7932.jpg\" alt=\"\" class=\"wp-image-175\"\/><\/figure>\n\n<div style=\"height:65px\" aria-hidden=\"true\" class=\"wp-block-spacer\"><\/div>\n\n<figure class=\"wp-block-image size-full\"><img decoding=\"async\" src=\"http:\/\/thierrygarance.fr\/wp-content\/uploads\/2025\/02\/montage-mur.jpg\" alt=\"\" class=\"wp-image-178\"\/><\/figure>\n\n<p class=\"has-small-font-size\"><strong>exposition Paris Rue des Rosiers<\/strong><br>Aquarelles originales<\/p>\n\n<figure class=\"wp-block-image size-full\"><img loading=\"lazy\" decoding=\"async\" width=\"360\" height=\"360\" src=\"http:\/\/thierrygarance.fr\/wp-content\/uploads\/2024\/03\/intro-peinture2.jpg\" alt=\"\" class=\"wp-image-36\" srcset=\"https:\/\/thierrygarance.fr\/wp-content\/uploads\/2024\/03\/intro-peinture2.jpg 360w, https:\/\/thierrygarance.fr\/wp-content\/uploads\/2024\/03\/intro-peinture2-300x300.jpg 300w, https:\/\/thierrygarance.fr\/wp-content\/uploads\/2024\/03\/intro-peinture2-100x100.jpg 100w, https:\/\/thierrygarance.fr\/wp-content\/uploads\/2024\/03\/intro-peinture2-150x150.jpg 150w\" sizes=\"auto, (max-width: 360px) 100vw, 360px\" \/><\/figure>\n\n<p class=\"has-small-font-size\"><strong>Exposition Paris Rue des Rosiers<\/strong><br>Aquarelles originales<\/p>\n\n<figure class=\"wp-block-image size-full\"><img loading=\"lazy\" decoding=\"async\" width=\"385\" height=\"385\" src=\"https:\/\/thierrygarance.fr\/wp-content\/uploads\/2025\/02\/home-art.jpg\" alt=\"\" class=\"wp-image-189\" srcset=\"https:\/\/thierrygarance.fr\/wp-content\/uploads\/2025\/02\/home-art.jpg 385w, https:\/\/thierrygarance.fr\/wp-content\/uploads\/2025\/02\/home-art-300x300.jpg 300w, https:\/\/thierrygarance.fr\/wp-content\/uploads\/2025\/02\/home-art-150x150.jpg 150w, https:\/\/thierrygarance.fr\/wp-content\/uploads\/2025\/02\/home-art-100x100.jpg 100w\" sizes=\"auto, (max-width: 385px) 100vw, 385px\" \/><\/figure><\/div>\n\n<div class=\"wp-block-column is-layout-flow wp-block-column-is-layout-flow\"><figure class=\"wp-block-image size-large\"><img loading=\"lazy\" decoding=\"async\" width=\"952\" height=\"1024\" src=\"http:\/\/thierrygarance.fr\/wp-content\/uploads\/2025\/02\/DSC_7872-952x1024.jpg\" alt=\"\" class=\"wp-image-176\" srcset=\"https:\/\/thierrygarance.fr\/wp-content\/uploads\/2025\/02\/DSC_7872-952x1024.jpg 952w, https:\/\/thierrygarance.fr\/wp-content\/uploads\/2025\/02\/DSC_7872-279x300.jpg 279w, https:\/\/thierrygarance.fr\/wp-content\/uploads\/2025\/02\/DSC_7872-768x826.jpg 768w, https:\/\/thierrygarance.fr\/wp-content\/uploads\/2025\/02\/DSC_7872-1427x1536.jpg 1427w, https:\/\/thierrygarance.fr\/wp-content\/uploads\/2025\/02\/DSC_7872-1903x2048.jpg 1903w, https:\/\/thierrygarance.fr\/wp-content\/uploads\/2025\/02\/DSC_7872-600x646.jpg 600w, https:\/\/thierrygarance.fr\/wp-content\/uploads\/2025\/02\/DSC_7872.jpg 1907w\" sizes=\"auto, (max-width: 952px) 100vw, 952px\" \/><\/figure>\n\n<p class=\"has-small-font-size\"><strong>Bouton<\/strong><br>Aquarelle <\/p>\n\n<figure class=\"wp-block-image size-full\"><img decoding=\"async\" src=\"http:\/\/thierrygarance.fr\/wp-content\/uploads\/2025\/02\/IMG_9543.jpg\" alt=\"\" class=\"wp-image-177\"\/><\/figure>\n\n<figure class=\"wp-block-image size-full\"><img loading=\"lazy\" decoding=\"async\" width=\"2560\" height=\"1969\" src=\"http:\/\/thierrygarance.fr\/wp-content\/uploads\/2025\/02\/DSC_7875-scaled.jpg\" alt=\"\" class=\"wp-image-184\" srcset=\"https:\/\/thierrygarance.fr\/wp-content\/uploads\/2025\/02\/DSC_7875-scaled.jpg 2560w, https:\/\/thierrygarance.fr\/wp-content\/uploads\/2025\/02\/DSC_7875-300x231.jpg 300w\" sizes=\"auto, (max-width: 2560px) 100vw, 2560px\" \/><\/figure>\n\n<figure class=\"wp-block-image size-full\"><img loading=\"lazy\" decoding=\"async\" width=\"395\" height=\"393\" src=\"https:\/\/thierrygarance.fr\/wp-content\/uploads\/2025\/02\/garance-expo_06.gif\" alt=\"\" class=\"wp-image-188\"\/><\/figure><\/div><\/div><h4 class=\"wp-block-heading\">Petite histoire<\/h4><details class=\"wp-block-details is-layout-flow wp-block-details-is-layout-flow\"><summary><\/summary><p>Histo des pandas<\/p><\/details><p><\/p>","protected":false},"excerpt":{"rendered":"<p>Thierry Garance est un plasticien prot\u00e9iforme avec, en autre penchant, une nette affinit\u00e9 pour l&rsquo;iconographie de l&rsquo;\u00e9rotisme Bip BipMonotype sur [&hellip;]<\/p>\n","protected":false},"author":1,"featured_media":0,"parent":0,"menu_order":0,"comment_status":"closed","ping_status":"open","template":"","meta":{"site-sidebar-layout":"default","site-content-layout":"","ast-site-content-layout":"","site-content-style":"default","site-sidebar-style":"default","ast-global-header-display":"","ast-banner-title-visibility":"","ast-main-header-display":"","ast-hfb-above-header-display":"","ast-hfb-below-header-display":"","ast-hfb-mobile-header-display":"","site-post-title":"disabled","ast-breadcrumbs-content":"","ast-featured-img":"","footer-sml-layout":"","theme-transparent-header-meta":"","adv-header-id-meta":"","stick-header-meta":"","header-above-stick-meta":"","header-main-stick-meta":"","header-below-stick-meta":"","astra-migrate-meta-layouts":"default","ast-page-background-enabled":"default","ast-page-background-meta":{"desktop":{"background-color":"var(--ast-global-color-4)","background-image":"","background-repeat":"repeat","background-position":"center center","background-size":"auto","background-attachment":"scroll","background-type":"","background-media":"","overlay-type":"","overlay-color":"","overlay-gradient":""},"tablet":{"background-color":"","background-image":"","background-repeat":"repeat","background-position":"center center","background-size":"auto","background-attachment":"scroll","background-type":"","background-media":"","overlay-type":"","overlay-color":"","overlay-gradient":""},"mobile":{"background-color":"","background-image":"","background-repeat":"repeat","background-position":"center center","background-size":"auto","background-attachment":"scroll","background-type":"","background-media":"","overlay-type":"","overlay-color":"","overlay-gradient":""}},"ast-content-background-meta":{"desktop":{"background-color":"var(--ast-global-color-5)","background-image":"","background-repeat":"repeat","background-position":"center center","background-size":"auto","background-attachment":"scroll","background-type":"","background-media":"","overlay-type":"","overlay-color":"","overlay-gradient":""},"tablet":{"background-color":"var(--ast-global-color-5)","background-image":"","background-repeat":"repeat","background-position":"center center","background-size":"auto","background-attachment":"scroll","background-type":"","background-media":"","overlay-type":"","overlay-color":"","overlay-gradient":""},"mobile":{"background-color":"var(--ast-global-color-5)","background-image":"","background-repeat":"repeat","background-position":"center center","background-size":"auto","background-attachment":"scroll","background-type":"","background-media":"","overlay-type":"","overlay-color":"","overlay-gradient":""}},"footnotes":""},"class_list":["post-2","page","type-page","status-publish","hentry"],"jetpack_sharing_enabled":true,"_links":{"self":[{"href":"https:\/\/thierrygarance.fr\/index.php\/wp-json\/wp\/v2\/pages\/2","targetHints":{"allow":["GET"]}}],"collection":[{"href":"https:\/\/thierrygarance.fr\/index.php\/wp-json\/wp\/v2\/pages"}],"about":[{"href":"https:\/\/thierrygarance.fr\/index.php\/wp-json\/wp\/v2\/types\/page"}],"author":[{"embeddable":true,"href":"https:\/\/thierrygarance.fr\/index.php\/wp-json\/wp\/v2\/users\/1"}],"replies":[{"embeddable":true,"href":"https:\/\/thierrygarance.fr\/index.php\/wp-json\/wp\/v2\/comments?post=2"}],"version-history":[{"count":4,"href":"https:\/\/thierrygarance.fr\/index.php\/wp-json\/wp\/v2\/pages\/2\/revisions"}],"predecessor-version":[{"id":211,"href":"https:\/\/thierrygarance.fr\/index.php\/wp-json\/wp\/v2\/pages\/2\/revisions\/211"}],"wp:attachment":[{"href":"https:\/\/thierrygarance.fr\/index.php\/wp-json\/wp\/v2\/media?parent=2"}],"curies":[{"name":"wp","href":"https:\/\/api.w.org\/{rel}","templated":true}]}}